ppose -8*i = -16*i + h. What is the units digit of i?
1
What is the units digit of 636/(-106) - (-1 - 436 - (-5 - -3))?
9
Suppose 25646 = 4*z - b - 2908, -7145 = -z - 3*b. What is the hundreds digit of z?
1
What is the units digit of (-767622)/(-34) + 12/(-102)?
7
Let p(j) = -j**2 + 4*j + 1. Let k(h) = 5*h**2 + 10*h + 5. Let w(v) = k(v) - 2*p(v). What is the units digit of w(-2)?
7
Let r(h) = 0*h + 4 - 4*h - 64 + 12*h. Let z(f) = -7*f + 58. Let g(i) = 5*r(i) + 6*z(i). What is the units digit of g(19)?
0
Let o = 54710 + -29727. What is the units digit of o?
3
Let t be 6/3 + 20/5. What is the hundreds digit of (-4)/t - ((-3704)/12 - -2)?
3
Suppose 5*k + 50727 = 3*y, 0*y - 5*k = 2*y - 33843. What is the hundreds digit of y?
9
Suppose 15 - 15 = -5*d. Let v(o) = -o**3 + o**2 - 6*o + 1796. What is the units digit of v(d)?
6
Let i(c) = -128*c - 1416. What is the tens digit of i(-47)?
0
Let y(t) = -2*t - 36. Let u be y(-21). What is the hundreds digit of (-18)/u + (-5)/((-30)/624)?
1
Let q be 8/(-24) - ((-40)/6)/(-1). Let h(a) = -5*a - 36. Let m be h(q). Let c(z) = -122*z - 3. What is the units digit of c(m)?
9
Let b(t) = -75*t + 101. Suppose 27*p + 5*p = -320. What is the units digit of b(p)?
1
Let h be -8 - (-34)/4*4. Suppose h*y = 6*y + 10820. What is the tens digit of y?
4
What is the thousands digit of (4/(-7))/(-6*4/136668)?
3
Let u = 79 - 76. Suppose -u*i = i + 1192. Let a = i - -550. What is the hundreds digit of a?
2
Let v = -161 + 158. What is the tens digit of (2 + v)*(-3 + -1494)/3?
9
Suppose 3*b + 2*x = 551 + 5127, -x = -2*b + 3776. What is the tens digit of b?
9
Let j = -9355 - -13494. What is the thousands digit of j?
4
Suppose 4885 + 2363 = 24*n. Suppose 15*u - 148 = n. What is the units digit of u?
0
What is the thousands digit of -58*39/(507/(-5044))?
2
Let h(c) = c**3 - 5*c**2 + 2. Let t be h(5). Suppose -3*z - j = 783, -t*z - 4*j + 798 = -5*z. Let k = -185 - z. What is the tens digit of k?
7
Suppose -14*m + 647582 = 3*m + 63224. What is the units digit of m?
4
Let x(h) = -1599*h - 4394. What is the hundreds digit of x(-22)?
7
What is the tens digit of (8 - 68/8)/(((-4)/2)/17076)?
6
Let o(w) = -4*w**3 - 2*w**2 - 10. Let y be o(-3). Let i = y - 84. What is the units digit of ((-15)/10)/(2/i)?
3
What is the units digit of -6 + 5805 + -6 + 13?
6
Let d = 52 - 52. Suppose d = -2*q - q - 2*s + 93, 5*s - 51 = -2*q. What is the units digit of q?
3
Suppose -17641 - 12192 = -t - 3*i, t + 5*i = 29843. What is the ten thousands digit of t?
2
Let s = 28 - 25. Suppose 0 = s*y - 12, 104 = 3*f + 3*y - y. Let u = 93 - f. What is the units digit of u?
1
Let p = 1723 - 899. What is the units digit of 14/28*(p + 2)?
3
Suppose -5*a = o - 27, -23 = 8*a - 11*a - 4*o. Let d = 1 + 3. Let z = a - d. What is the units digit of z?
1
Suppose -2*l = -3*q + 1358 + 75890, 3*l + 102996 = 4*q. What is the tens digit of q?
5
Let j = -45 - -50. Suppose j*d + 4*h = -50, 3*d + 7*h = 4*h - 33. What is the units digit of -24*-2*d/(-8)?
6
Suppose 5*u - 6*v = -9*v + 18368, -5*v - 3668 = -u. What is the hundreds digit of u?
6
Let g be -4*2/(-2) + 9 + 0. Suppose 5691 = -g*f + 20*f. What is the tens digit of f?
1
Let d = 39 - 39. Suppose d = -x + 466 - 46. Suppose 6*m - 2*m - x = 0. What is the hundreds digit of m?
1
Let d = -64 + 56. What is the hundreds digit of (0 - -239)/(-4 + d + 13)?
2
Let g(y) = -52*y - 72. Let j(t) = -21*t - 29. Let c(m) = -5*g(m) + 12*j(m). Let a(k) = k - 1. Let z(v) = -4*a(v) + c(v). What is the units digit of z(4)?
2
Suppose m + 4 = -7*k + 8*k, -2*k = -5*m - 14. Suppose -2*i - 1121 = -5*l + k, 4*i = 4*l - 908. What is the units digit of l?
3
Let t = -67 + 110. Let w = -33 + t. What is the tens digit of -6*4/w*150/(-4)?
9
Let c = 657 + -1148. Let r = -85 - c. What is the tens digit of r?
0
Let s(z) = 35*z**2 - 7*z - 22. Let v(p) = 35*p**2 - 8*p - 21. Let k(n) = -2*s(n) + 3*v(n). What is the hundreds digit of k(-3)?
3
Let q be 40/25 - 10/(-25). Suppose -13*v - 41866 = -q*v. What is the tens digit of v/33*(-6)/4?
7
Let d = -742 - -746. Let n(w) = 17*w**3 + 10*w**2 + w + 8. What is the units digit of n(d)?
0
Let c = -5 - -7. Suppose 2*j - 56 = -4*o - 2*j, 52 = c*o - 4*j. What is the units digit of (o/(-4))/(6/(-4))?
3
Let f(k) = 159*k**2 - 12*k + 16. Let m = 481 - 479. What is the units digit of f(m)?
8
Let q = 1371 + -578. Suppose 6*i - q - 443 = 0. Suppose 15*d - i = 13*d. What is the units digit of d?
3
Let m(j) = 3*j**3 - 22*j**2 + j + 410. What is the ten thousands digit of m(18)?
1
Let a be -94*(-1)/8 - 12/16. Suppose 4*j - a*j = 7. What is the tens digit of j/((3/(-339))/(-1 + 2))?
1
Suppose d - 4 = -3*u + 10, -2*u - 2*d = -8. Suppose 0 = -u*p + 6*p - 3. What is the units digit of (-1 + p/2)*8?
4
Suppose 0 = 3*s + 3*i - 4*i - 22, -17 = -2*s + 3*i. Let t(l) = -2*l**3 + 14*l**2 + l - 4. What is the units digit of t(s)?
3
Suppose -5*j + 8*v = -150455, 5*j - 8*v - 150410 = -9*v. What is the ten thousands digit of j?
3
Suppose 213 = 7*i + 143. Suppose 6264 = i*k + 19*k. What is the tens digit of k?
1
Let x be (-24)/1*4/6*-61. Let f = x + -501. What is the tens digit of f?
7
Let p(y) = -7*y**3 - 13*y**2 - 57*y - 19. What is the tens digit of p(-17)?
8
Let s be ((-1 + 139)/(-2))/((-3)/(-34)). Let x = s + 1162. What is the units digit of x?
0
Suppose s - 6 = 4*c, 0 = -2*c - 3*c. Let g(u) = 3*u**3 - 10*u**2 + 46*u. What is the units digit of g(s)?
4
Suppose 0 = 4*s + 5*j - 15, -4 = -4*s - 3*j + 5. Suppose s = 12*g - 3894 - 8154. What is the tens digit of g?
0
What is the units digit of 16/(-72) + 324767/9 + (-68)/(-17)?
9
Let b(l) = 1 + 1 - 2*l - 1 + 3*l. Let k be b(-6). Let n(z) = -z**3 - z**2 + 4*z. What is the tens digit of n(k)?
8
Suppose 4*u = c + 694, -4*c + 5*u = 392 + 2362. Let t = c + 1406. What is the units digit of t?
0
Suppose 25*c - 5677 = 3223. Suppose -68 = -5*d + 2*s + 811, -c = -2*d + 3*s. What is the tens digit of d?
7
Suppose b - 1781 = -676. Suppose 6*t - 1229 = b. Let k = -213 + t. What is the hundreds digit of k?
1
Suppose -3*l + 1502 = 4*m - 1599, 4*m = l + 3089. What is the hundreds digit of m?
7
What is the hundreds digit of (12/(-28))/(117/(-120939))?
4
Suppose -o - 1 + 3 = 0. Suppose a = -5*a + 12. Suppose g - 73 = o*m - 6*m, -a*m = 4. What is the tens digit of g?
8
Suppose i - 13*u - 5740 = -14*u, 0 = -4*i + u + 22950. What is the hundreds digit of i?
7
Suppose 0 = 3*x + 2*x. Let y(m) = 89*m - 390. Let w be y(5). Suppose x*d - d = -w. What is the tens digit of d?
5
Let s be (-86)/(-129)*(2 + -1 - -1460). Suppose 2*h + 382 = -3*l + s, -h = -4*l - 296. What is the hundreds digit of h?
2
Let b(j) = -j**2 + 20*j - 48. Let f be b(16). Let x(n) = -n**3 + 19*n**2 - 34*n + 37. What is the units digit of x(f)?
1
Let g(n) = 14*n + 10. Let s = -12 - -31. Let f be g(s). Suppose 26*r = 29*r - f. What is the tens digit of r?
9
Let r be (128 - -1)/((-3)/4*-2). Suppose 3*j + r = 107. Let x(t) = 12*t + 2. What is the units digit of x(j)?
6
Let s be 6/9*(875 + -5). Let q = s + -261. What is the hundreds digit of q?
3
Let d(x) = 200*x + 3767. What is the tens digit of d(20)?
6
Let l(c) = -8*c + 4. Let z = -5 + -2. Let x be l(z). Let m = x + -43. What is the tens digit of m?
1
Suppose 0 = -13*c + 7*c - 816. Let v = 141 + c. Suppose 3*l + v*t - 166 = 0, 2*t - 7 = 3. What is the units digit of l?
7
Let t(b) = b**3 - 9*b**2 + 15*b - 2. Let s be t(7). Suppose -4*k - s*v + 2*v - 179 = 0, -4*v + 200 = -4*k. What is the units digit of (k/4)/(10/(-40))?
7
Let m(a) = 27*a**2 + 40*a + 6. What is the units digit of m(3)?
9
Suppose -10*h - 30574 = -114314. What is the thousands digit of h?
8
Suppose 12 = -4*v, 29618 = 4*n + 5*v - 6555. What is the hundreds digit of n?
0
Suppose -3 = -17*a + 14*a. Let n be 13 + -17 + 193*a. Suppose 6*y - 2*s = y + 475, 2*y - s - n = 0. What is the tens digit of y?
9
Let v(g) = 363*g**2 + 34*g - 471. What is the units digit of v(8)?
3
What is the hundreds digit of (-4)/14*-7 + (17622 - 0)?
6
Let a be (0/1)/(-19 + 22) - -438. Let x = 839 - a. What is the units digit of x?
1
Suppose 0 = 4*s + 5*m - 119592, 49*m - 59744 = -2*s + 53*m. What is the tens digit of s?
8
Let j(z) = -z**3 - 9*z**2 - 14*z - 12. Let u = 16 + 3. Let d = u - 27. What is the units digit of j(d)?
6
Let b = -126 + 350. Let c = 597 - b. What is the units di